) = -2*w**2 + 13*w - 5. Let h be j(6). Let r(o) = -169*o + 2. Let k be r(h). Let x = -70 - k. What is the tens digit of x?
9
Let l(v) = -38*v**3 + 23 + 7*v - 16*v**2 + 71*v**3 + 0 - 32*v**3. What is the hundreds digit of l(17)?
4
Let i be -2 - -3 - (-5 - -4). Suppose 4*n - i - 6 = 0. Suppose l = 5*c + 59, -n*c - 79 = 4*l - 315. What is the units digit of l?
9
What is the units digit of (-2 - -4) + 10957 + (-11)/(-33)*-3?
8
Let d be ((-3)/(-12))/((-1)/(-20)). Let w be (d + -3)/4*4. Suppose -5*v - 117 = -2*b, 5*b = w*v - 6*v + 276. What is the tens digit of b?
5
Suppose 57*o - 4*v - 25 = 56*o, 4*o - v - 25 = 0. What is the tens digit of 1*2/((-2)/o) + 305?
0
Let l(c) be the third derivative of -c**4/12 - 19*c**3/6 + 35*c**2. Let y be l(-12). Let p(x) = -x**3 + 7*x**2 - x - 16. What is the tens digit of p(y)?
2
Let i(u) = -5*u + 8*u - 30 + 35*u + 9*u - u**2 + 0*u. What is the hundreds digit of i(16)?
4
Let w(x) = 10*x**2 - x - 23. Let a = -123 - -119. What is the hundreds digit of w(a)?
1
Let v be (-1)/(-4) + (-5620)/16. What is the units digit of (-2)/(-9) + (-403572)/v?
0
Let t = 49 - 49. Let x be (-15)/((-2 + t)/(2 + 0)). Let l = 38 - x. What is the units digit of l?
3
Let f be (6 - 10 - -4) + 5. Suppose 2*t - 638 = -2*y, 0*t + f*y - 335 = -t. What is the hundreds digit of t?
3
Suppose 4*q - 74500 = -3*u, -6*q - 2*u + 74496 = -2*q. What is the ten thousands digit of q?
1
Let d = -994 + 1954. Suppose 48*v - d = 45*v. What is the tens digit of v?
2
Suppose -4*i = -2*u - 278, 5*i = -8*u + 11*u + 345. What is the units digit of (-9)/i - 5394/(-16)?
7
Let d(h) = -6*h + 3. Let m be d(1). Let i be 4 + m + (-3 - -4). What is the units digit of (-15 + 5)*(i - 6)?
0
Let r be (3/(-6))/((-46)/24 + 2). Let t(u) = 4*u + 48. Let l be t(r). Suppose -354 = l*d - 26*d. What is the hundreds digit of d?
1
What is the ten thousands digit of (-50)/4*(-508896)/155?
4
Suppose -89*n + 150*n = 237961. What is the units digit of n?
1
Let u = 91 + -94. Let z be 2 - -5 - (-1 - u). Suppose 4*a + 0*a - 443 = z*p, 0 = 3*a + 2*p - 315. What is the units digit of a?
7
Suppose 16 = -5*z + 9*z. Suppose -3*b + 11 - 2 = -5*i, -5*b - z*i = 22. What is the tens digit of ((-71)/b)/(6/12)?
7
Let l = 41 + -39. Let u be -2*((-3)/(-6) + (l - 2)). What is the tens digit of (-2)/3 + u/((-6)/76)?
1
Suppose -4*s - 642 - 358 = 0. Let r = -565 - -214. Let c = s - r. What is the hundreds digit of c?
1
Let i(q) = -q**3 - 15*q**2 + 87. Let a be i(10). Let m = a - -4136. What is the units digit of m?
3
Let x = 21389 + -7467. What is the tens digit of x?
2
Let u(q) be the third derivative of q**4/3 + 21*q**3/2 - 20*q**2. Let r be u(-5). Let z(d) = -d**3 + 24*d**2 - 13*d + 7. What is the tens digit of z(r)?
3
Let z = 121 - 121. Suppose z = 13*i + 742 - 2770. What is the units digit of i?
6
Let g be 46/3 - (-21)/(-63). Let f be (4 - (-154)/(-35))*3*g. What is the units digit of 9/f + 11/2?
5
Let u = 1 + 1. Suppose 3*x - 23 = u*b, -4*x - b = 4*b. Suppose 0*f - 28 = -2*y - 5*f, -x*f + 16 = -y. What is the units digit of y?
4
What is the units digit of 4 - (1*(2 - 153) + -2 + 6)?
1
Let j = 185 - 178. Let d(a) = 6*a**2 + 2*a + 4. What is the units digit of d(j)?
2
Let n(r) = r**3 + 31*r**2 + 35*r + 359. What is the hundreds digit of n(-14)?
2
Suppose 18*a + 11011 = 19*a + 4*y, y - 10999 = -a. What is the units digit of a?
5
Let p(d) = -d**3 - 79*d**2 - 1717*d - 110. What is the tens digit of p(-62)?
9
Let k = 61 + -63. Let i be (-378)/(-45)*-2*55/k. Suppose 2*q - i = -2*s, -q + s = -0*q - 235. What is the tens digit of q?
3
Let x(m) be the third derivative of m**3/6 - 14*m**2. Let p(h) = 15*h + 14. Let i(j) = -p(j) - 5*x(j). What is the hundreds digit of i(-8)?
1
Suppose -2*b = 4*n - 652, 50*n + 3*b + 156 = 51*n. Suppose 2*k = l + 20, 0*l + 40 = -2*l + 2*k. Let a = n - l. What is the units digit of a?
2
Let v(b) = b**3 + 38*b**2 - 39*b - 527. What is the tens digit of v(-35)?
1
Let n(g) be the second derivative of g**3/6 + 9*g**2/2 - 7*g. Let h be n(-9). Suppose -5*r + 413 + 7 = h. What is the units digit of r?
4
Let k(h) be the third derivative of h**6/40 - h**5/5 + h**4/8 + 19*h**3/6 + 38*h**2. What is the tens digit of k(9)?
6
Let o(l) = 1090*l - 2802. What is the ten thousands digit of o(22)?
2
Let g(t) = -t**3 - t**2 - t + 75. Let y be g(0). Let i = -116 - -123. Let d = y + i. What is the units digit of d?
2
Suppose -4*k = -2*t + 122, -k - 5*t = -0*t + 58. Let q = k + 35. What is the units digit of -1*(174/(-10) + q/5)?
7
Suppose 2*w = -2, -m + 5318 = -5*w - 375. What is the tens digit of m?
8
Let r = -1271 + 1651. What is the hundreds digit of r?
3
Suppose 5*f - 8*t = -5*t + 24, -4*t - 21 = -3*f. Suppose 2*d = 4*r + 614, -f*r + 1151 = 5*d - 436. What is the hundreds digit of d?
3
Let b = 11969 + 18172. What is the tens digit of b?
4
Let f be (4 - 6) + 276/2. Let x(y) = 2*y**2 - 20*y - 3. Let i be x(10). What is the tens digit of (2 + i)/(-1) + (f - 5)?
3
Suppose 28*t = 30*t - 68008. Suppose -2980 = 28*y - t. What is the hundreds digit of y?
1
Let b be 0 + (-7544)/(-26) + 238/(-1547). Let v(n) = -16*n**3 + 2*n**2 - 2*n - 1. Let y be v(-3). Let u = y - b. What is the units digit of u?
5
Let v(b) = 18372*b - 2211. What is the ten thousands digit of v(2)?
3
Let k(l) = -2964*l - 2234. What is the units digit of k(-9)?
2
What is the tens digit of (-1 + 5 + 10 + -16)/((-18)/79974)?
8
Let y = 3599 + 17169. What is the ten thousands digit of y?
2
Let a = 663 - -28943. What is the ten thousands digit of a?
2
Suppose -608 - 360 = 8*a. Let m = a - -1030. What is the tens digit of m?
0
Let x(d) = -120*d - 330. Let k(a) = a**2 + 31*a + 26. Let g be k(-30). What is the units digit of x(g)?
0
Suppose 0 = j - 5*l + l + 696, -4*l - 2088 = 3*j. Let u = 993 + j. What is the hundreds digit of u?
2
Suppose n + 209 = 212, 2*m + 3*n = 35841. What is the units digit of m?
6
Suppose -4*q - 1513 + 63094 + 31483 = 0. What is the hundreds digit of q?
2
Let g = 14881 - -8053. What is the units digit of g?
4
Let a be 20/90 - (-7)/9 - 315. What is the units digit of (15/10)/((-1)/a)?
1
Let s = 101 + -85. Suppose s*p - 294 = -102. Let d = p - -69. What is the tens digit of d?
8
Suppose 66*p - 49180 = -44*p + 90*p. What is the hundreds digit of p?
4
Suppose 1203*a + 397326 = 1209*a. What is the ten thousands digit of a?
6
Suppose -3132*n + 3110*n + 274252 = 0. What is the hundreds digit of n?
4
Let c = 97 + -86. What is the hundreds digit of 6/(-4)*(-34)/3*c?
1
Suppose -1132 - 6082 = -r. What is the thousands digit of r?
7
Let s(h) = -h**3 - 52*h**2 - 107*h + 46. What is the units digit of s(-50)?
6
Let h be 36/(-27)*-317*(-9)/(-6). Let u = 1119 - h. What is the tens digit of u?
8
Let n(u) = -183*u + 1732. What is the units digit of n(-7)?
3
Let y = 352 + 58. Let f = 880 - y. What is the tens digit of f?
7
Let c = -12050 + 15996. What is the hundreds digit of c?
9
Suppose -15*w + 16470 + 10918 = -5267. What is the tens digit of w?
7
Suppose 22*f - 24738 = -4*s, 26*s + 6182 = 27*s + 3*f. What is the hundreds digit of s?
1
Let d = 4159 + -272. What is the thousands digit of d?
3
Let f(a) = -2*a**3 + 16*a**2 + 4*a - 27. Let n be f(7). Let p = 111 - n. What is the units digit of p?
2
Let x be -5 + 19 - (-3)/(-1). Suppose 0 = -x*o - 22. What is the units digit of 23*(8 - o/2)/1?
7
Let j(d) = 993*d + 3430. What is the hundreds digit of j(13)?
3
Let m = 707 + -656. Let q(p) = -5*p + 380. What is the tens digit of q(m)?
2
Suppose -3*g - 29 + 38 = 0, g - 27 = -3*u. Suppose -u*c + 3*c + 430 = 0. What is the tens digit of c?
8
Let p(i) = 27*i**3 - 3*i**2 - 36*i + 188. What is the tens digit of p(7)?
5
Suppose 0 = -3*q + 3*z + 40803, -121*q + 119*q = -z - 27205. What is the units digit of q?
4
Let j = 9769 - 4435. Suppose j = 15*f - 9*f. Suppose 12*p - f = 5*p. What is the tens digit of p?
2
Suppose 15 = 4*b - 21. What is the hundreds digit of 84/(-112)*(-5064)/b?
4
What is the ten thousands digit of ((-945)/30)/21*16326*-1?
2
Let u = 48 - 30. Let n be u/(-63) + 130/14. Suppose n*c = -690 + 2229. What is the tens digit of c?
7
Suppose -12 = -9*r - 21. What is the hundreds digit of (273/(-42))/(r/88*2)?
2
Suppose 0 = -t + 4*y + 40228, 37535 = 3*t + y - 83253. What is the units digit of t?
0
Suppose 5*s - 4555 = 4*s - 2*y, -y - 13686 = -3*s